**2 + 15701*q + 94165. Give z(-6).
139
Let y(l) = 83*l**2 + 1585*l + 165. Give y(-19).
13
Let b(p) = 2*p**3 - 82*p**2 + 336*p + 6341. Calculate b(33).
5
Let w(k) = -10864*k - 1118986. What is w(-103)?
6
Let s(j) = -2*j**2 - 8262*j + 49625. What is s(6)?
-19
Let g(u) = -u**3 + 1006*u**2 + 1140*u - 133929. Calculate g(1007).
2
Let c(d) = -6953*d - 34803. Give c(-5).
-38
Let b(r) = 6*r**3 + 8*r**2 - 113*r + 425. What is b(4)?
485
Let r(v) = 187663*v + 750649. Determine r(-4).
-3
Let w(f) = 15906*f + 93808. What is w(-6)?
-1628
Let g(c) = -87*c**3 + 4*c**2 + 38*c + 63. Give g(-3).
2334
Let z(b) = -271025*b - 2981225. Calculate z(-11).
50
Let a(n) = n**3 + 22*n**2 + 34*n - 19. Calculate a(-20).
101
Let n(p) = 4*p**2 - 95*p - 446. Determine n(32).
610
Let y(d) = -8272*d - 100209. What is y(-13)?
7327
Let h(j) = -1107*j + 112920. Calculate h(102).
6
Let q(d) = -d**3 + 391*d**2 - 5841*d + 2443345. Give q(392).
9
Let i(o) = -o**3 - 64*o**2 + 219*o - 3603. Calculate i(-68).
1
Let y(p) = 2*p**2 - 120*p - 5915. Calculate y(-37).
1263
Let w(q) = -133900*q**2 - 937303*q - 7. What is w(-7)?
14
Let b(i) = 35420*i + 3967045. What is b(-112)?
5
Let x(h) = -h**2 + 65164*h + 325840. Determine x(-5).
-5
Let r(c) = -5*c**3 + 100*c**2 + 334*c + 286. Determine r(23).
33
Let v(s) = s**2 - 4837*s + 2721550. Calculate v(650).
0
Let x(k) = 1539*k - 8689. Determine x(6).
545
Let q(z) = 26*z**2 + 247*z - 513. Determine q(2).
85
Let b(k) = -9*k**2 - 265*k - 1920. Give b(-13).
4
Let j(c) = c**3 + 11*c**2 + 12296*c + 86093. Give j(-7).
217
Let f(z) = -z**3 + 53*z**2 - 586*z - 686. Determine f(31).
2290
Let k(o) = 91862*o - 275590. Determine k(3).
-4
Let l(b) = 2*b**3 + 101*b**2 + 677*b + 31352. Calculate l(-50).
2
Let i(k) = 192*k**2 - 1375*k + 86. What is i(7)?
-131
Let p(g) = 12*g**2 + 121*g - 2025. Give p(-19).
8
Let x(k) = 44*k**3 - 2*k**2 + 890*k - 889. Give x(1).
43
Let d(v) = v**3 - 36*v**2 + 48*v + 3260. Calculate d(31).
-57
Let k(t) = 481*t - 5153. What is k(10)?
-343
Let f(c) = c**2 - 221847*c + 8206969. What is f(37)?
-1
Let s(h) = 20*h**2 - 206*h - 154. Determine s(11).
0
Let g(m) = -m**2 + 75043*m + 10374983. Calculate g(-138).
5
Let k(d) = -d**3 + 48*d**2 - 151*d - 213. Determine k(44).
887
Let n(j) = -4*j**3 + 406*j**2 - 970*j - 2017. What is n(99)?
-37
Let l(w) = 12*w**3 - 7*w**2 - 60*w - 274. Give l(-5).
-1649
Let w(t) = t**3 - 22*t**2 + 66*t - 211. Determine w(18).
-319
Let w(h) = h**3 - 183*h**2 + 1212*h + 3538. What is w(176)?
18
Let d(f) = -f**2 - 36*f + 6511. Determine d(36).
3919
Let i(h) = 15301*h - 91784. Determine i(6).
22
Let q(u) = -5654*u - 265790. What is q(-47)?
-52
Let z(u) = 728*u**3 - 3646*u**2 + 21*u + 46. Calculate z(5).
1
Let h(x) = 5*x**2 - 946*x + 10426. Calculate h(11).
625
Let g(k) = 2404*k + 40786. Determine g(-17).
-82
Let k(h) = 60*h**2 - 2215*h - 166. Give k(37).
19
Let n(z) = 926*z**2 - 4630*z - 86. Determine n(5).
-86
Let c(y) = -12332*y - 2367754. Calculate c(-192).
-10
Let g(n) = -258*n**2 - 84*n - 163. Give g(-2).
-1027
Let f(q) = 42*q - 8900. Determine f(204).
-332
Let a(r) = -2*r**3 - 13*r**2 + 563*r + 8005. Calculate a(-14).
3063
Let y(a) = -199017*a + 1. Calculate y(0).
1
Let o(g) = 21*g**2 - 24*g - 54. What is o(0)?
-54
Let q(w) = 8*w - 496. Give q(-143).
-1640
Let v(o) = 4*o**3 + 340*o**2 - 20*o - 1670. Calculate v(-85).
30
Let a(f) = -f**3 - 10*f**2 - 483*f - 1377. Calculate a(-3).
9
Let g(f) = f**3 - 229*f**2 - 3396*f + 79. Determine g(-14).
-5
Let n(t) = 2*t**2 + 10566*t - 350876. Calculate n(33).
-20
Let x(r) = r**2 + 1058*r - 62408. Determine x(56).
-24
Let h(k) = -29482*k**2 + 2122705*k - 77. Give h(72).
-5
Let o(j) = j**2 + 146*j - 11563. Give o(-204).
269
Let n(a) = 15*a**2 + 302*a - 338. What is n(-16)?
-1330
Let o(v) = 7*v**2 - 1307*v + 40929. Determine o(40).
-151
Let f(u) = -2*u**3 + 60*u**2 - 87*u + 819. Give f(29).
-22
Let m(d) = -66328*d + 66329. Determine m(1).
1
Let k(v) = -v**2 - 1753*v + 291586. Give k(153).
-32
Let u(s) = -194046*s + 1358341. What is u(7)?
19
Let m(x) = x**3 - 24*x**2 + 3*x + 12. What is m(24)?
84
Let o(f) = -22*f**2 + 2686*f - 299. What is o(122)?
-55
Let l(h) = -h**3 + 165*h**2 - 46*h - 13. Calculate l(0).
-13
Let i(g) = 2*g**3 - 393*g**2 - 584*g - 1540. What is i(198)?
440
Let r(t) = 479*t - 609. Determine r(3).
828
Let a(r) = 84*r**3 + 25*r**2 + 17*r - 43. Calculate a(-2).
-649
Let v(k) = -271*k - 25995. Give v(-96).
21
Let u(y) = -151*y + 4026. Calculate u(15).
1761
Let n(m) = -419*m - 11467. Determine n(-26).
-573
Let n(r) = -r**2 + 492*r + 37412. What is n(-67)?
-41
Let d(o) = -211681*o - 6350424. Calculate d(-30).
6
Let j(y) = 9*y**2 - 1078. Calculate j(-11).
11
Let f(j) = -j**3 - 88*j**2 + 102*j - 22. Give f(-89).
-1179
Let a(b) = 2*b**3 + 7*b**2 + 15*b + 475. What is a(-7)?
27
Let u(c) = c**3 + 260*c**2 + 13802*c - 13499. Calculate u(-185).
6
Let o(n) = -150*n + 9077. Give o(59).
227
Let o(j) = -1253*j**3 - 7522*j**2 - 20*j + 51. Give o(-6).
27
Let m(k) = k**3 - 92*k**2 + 514*k - 377. Calculate m(86).
-549
Let g(b) = -1677*b - 124070. What is g(-74)?
28
Let f(a) = 402*a + 38834. Calculate f(-96).
242
Let v(d) = -251*d - 13528. Give v(-54).
26
Let z(h) = -h**2 + 8276*h - 541856. Give z(66).
4
Let y(j) = -268*j - 53688. What is y(-201)?
180
Let x(h) = 4*h**3 + 54*h**2 - 433*h - 36. Give x(7).
951
Let d(t) = -282990*t - 1131843. Give d(-4).
117
Let k(c) = -5*c**3 + 222*c**2 - 109*c + 371. Calculate k(44).
-553
Let o(i) = i**2 + 27*i - 2136. Give o(35).
34
Let i(p) = -12449*p - 1269772. What is i(-102)?
26
Let i(o) = -24502*o + 1519122. What is i(62)?
-2
Let k(h) = 2*h**3 - 654*h**2 - 2113*h + 43912. What is k(330)?
22
Let u(m) = 2272*m - 6802. Determine u(3).
14
Let d(z) = 1109*z - 163193. What is d(148)?
939
Let a(f) = 19*f**2 - 3388*f - 21026. Give a(-6).
-14
Let b(g) = 166*g**3 + 86665*g**2 + 6785*g - 526. Calculate b(-522).
-4
Let q(z) = -z**2 + 44*z + 1129. Determine q(69).
-596
Let g(b) = -1256*b - 37606. Determine g(-30).
74
Let s(a) = a**2 - 20481*a + 122869. What is s(6)?
19
Let s(j) = -541*j**2 - 4379*j - 428. Give s(-8).
-20
Let j(t) = t**3 + 51*t**2 + 174*t - 812. Calculate j(-47).
-154
Let d(m) = 25587*m - 2891320. Give d(113).
11
Let h(y) = -708*y - 1276. Determine h(-2).
140
Let u(a) = a**3 + 36*a**2 - 479*a - 14111. Determine u(-39).
7
Let t(l) = -32*l**2 - 265*l - 4. What is t(-4)?
544
Let j(w) = w**2 + 956*w - 4699. What is j(5)?
106
Let x(w) = 5*w**2 - 187*w - 363. Determine x(-2).
31
Let f(w) = 115435*w + 692664. Determine f(-6).
54
Let p(k) = -k**2 + 56*k - 757. Calculate p(0).
-757
Let m(o) = o**2 + 30456*o - 213240. What is m(7)?
1
Let w(s) = 5*s**3 - 593*s**2 - 235*s - 303. Calculate w(119).
54
Let z(m) = -38*m**2 - 576*m - 62. Calculate z(-15).
28
Let h(s) = -6*s**2 + 849*s + 9523. What is h(-12)?
-1529
Let c(l) = -11*l**3 - 9*l**2 - 64*l + 366. Determine c(5).
-1554
Let l(v) = -504674*v + 5551420. Determine l(11).
6
Let g(m) = 5*m**2 - 262*m + 24. Calculate g(53).
183
Let j(r) = 10*r**2 - 830*r + 575. Give j(83).
575
Let b(z) = -818*z + 25362. Determine b(31).
4
Let v(n) = 11*n**3 - 4*n**2 + 20*n + 106. Determine v(0).
106
Let k(v) = -10316*v - 412528. Determine k(-40).
112
Let f(n) = -53131*n + 106396. What is f(2)?
134
Let r(n) = -13*n**2 + 245*n + 1937. What is r(-6)?
-1
Let u(o) = -2*o**3 - 11*o**2 - 61*o - 64. Determine u(-1).
-12
Let l(v) = v**3 + 20*v**2 + 44*v + 115. Give l(-17).
234
Let s(k) = -505111*k + 1010217. What is s(2)?
-5
Let k(q) = 22*q**3 + 6*q**2 + 12*q + 11. What is k(-1)?
-17
Let y(l) = -24*l**2 - 1823*l + 121. Determine y(-76).
45
Let x(h) = 4*h**2 - 809*h - 9235. Calculate x(-11).
148
Let y(l) = -l**3 - 225*l**2 + 288*l + 64909. What is y(-225)?
109
Let l(a) = a**3 - 9*a + 90. What is l(-7)?
-190
Let k(q) = -7013*q**2 - 28048*q - 4. Calculate k(-4).
-20
Let o(p) = 5181*p + 979313. What is o(-189)?
104
Let h(j) = -10*j**2 - 8170*j - 24488. Determine h(-3).
-68
Let m(l) = -45*l**2 - 1863*l + 7456. What is m(4)?
-716
Let t(d) = -40*d + 939. Give t(13).
419
Let k(u) = 301*u - 37765. Give k(125).
-140
Let i(d) = -609*d - 5534. Calculate i(-7).
-1271
Let c(r) = r**3 - 11*r**2 - 258*r - 75. Give c(-10).
405
Let l(w) = 259910*w + 4678345. Determine l(-18).
-35
Let g(t) = -t**3 - 65*t**2 - 767*t - 847. Give g(-50).
3
Let d(b) = -12